a(2)?
18
Let a(t) = -t + 5. Let f = 0 - -1. What is the remainder when f is divided by a(4)?
0
Suppose 0 = 4*d + k - 101, 2*d - 39 = -2*k + 19. What is the remainder when d is divided by 7?
3
Suppose -2*t + 1 = -1, -o + 17 = 4*t. Suppose -11 - 5 = -4*f. What is the remainder when o is divided by f?
1
Let r = 35 + -26. What is the remainder when 16 is divided by 52/6 + 3/r?
7
Let s = -24 - -64. Let p = s - 21. Let l(n) = -n**3 - 7*n**2 - 8*n - 2. Calculate the remainder when p is divided by l(-6).
9
Let a = 50 - 35. Let k be ((-3)/2)/(-1)*2. Suppose -4*n + k*n = -44. What is the remainder when n is divided by a?
14
Let f(x) = 9*x**2 + 7*x + 8. Let k(o) = -5*o**2 - 4*o - 4. Let u(z) = 4*f(z) + 7*k(z). Calculate the remainder when 5 is divided by u(0).
1
Suppose -10 = t - 6*t. What is the remainder when t is divided by 1?
0
Let n(s) = s**2 + 6*s. Let i be n(-6). Let f = i - -85. Calculate the remainder when f is divided by 29.
27
Let w(j) = -j**3 + 3*j**2 + 5*j - 1. Let d be w(4). Suppose d*r + 2 = 38. What is the remainder when r is divided by 7?
5
Suppose 2*x - 6 = w, -18 = w + w - 2*x. What is the remainder when 30 is divided by 2/6 + (-128)/w?
8
Suppose -97 = -2*p + 133. Calculate the remainder when p is divided by 29.
28
Let j(g) = -g**3 + 8*g**2 - 4*g - 3. Calculate the remainder when j(7) is divided by 5/((-1 - -2) + 0).
3
Let z = -69 - -107. What is the remainder when z is divided by 8?
6
Let l(r) be the second derivative of -r**5/20 + r**4/4 + 5*r**3/6 + r. Suppose 14 = 4*t - 2. Calculate the remainder when 13 is divided by l(t).
1
Let m be (0 - 0)/(4/(-4)). Suppose -y - 4*y + 5*l + 120 = m, 0 = -4*y - l + 101. What is the remainder when y is divided by 7?
4
Calculate the remainder when (-1 - -1)/4 + 6 is divided by 3.
0
Let f(d) = -3*d + 5. What is the remainder when 166 is divided by f(-17)?
54
Let b(x) = -5*x + 24. What is the remainder when b(-14) is divided by 24?
22
Let c = 8 - -10. What is the remainder when 70 is divided by c?
16
Calculate the remainder when 8 is divided by 4/22 + (-93)/(-33).
2
Suppose 2*a - 3*a = -26. Suppose 4*m = -3*t + 51, 0*m - m - 4*t + 29 = 0. What is the remainder when a is divided by m?
8
Suppose -4*u + 34 = -3*u + 4*f, -5*f - 220 = -5*u. Calculate the remainder when u is divided by 23.
19
Let b(o) = -o - 9. Calculate the remainder when 43 is divided by b(-24).
13
Suppose 3*m + 290 = -4*p, 4*p - 160 = -m + 3*m. What is the remainder when (-313)/(-15) + (-12)/m is divided by 12?
9
Let w = 18 - -51. Calculate the remainder when w is divided by 24.
21
Suppose 24 = -11*j + 15*j. Calculate the remainder when 15 is divided by j.
3
Suppose -3*x + 58 = 13. Calculate the remainder when 72 is divided by x.
12
Let r(q) = -5*q**3 - 29*q**2 + 11*q + 11. Let o(h) = -3*h**3 - 19*h**2 + 7*h + 7. Let f(n) = -8*o(n) + 5*r(n). What is the remainder when f(6) is divided by 15?
14
Suppose -3*n - 5*x = 0, 2*x - 7*x = 5*n - 10. Suppose -79 = -23*d + 128. Calculate the remainder when d is divided by n.
4
Suppose m = 2 - 0. What is the remainder when 2 is divided by -2 + ((-18)/(-3))/m?
0
Suppose -6*t + 23 = -1. Let m = 19 + t. What is the remainder when m is divided by 7?
2
Suppose 2*f + 3*f = 5, 4*o - 2*f - 6 = 0. Suppose -2*w = -3*b, -o*b + w = 6*w. Suppose 4*d + b*d = 16. What is the remainder when d is divided by 3?
1
Let m = 103 - 74. Calculate the remainder when m is divided by 11.
7
Let i = 20 - 11. Let w = i - 6. What is the remainder when w is divided by 2?
1
Suppose 7*i - 21 = 21. What is the remainder when 10 is divided by i?
4
Suppose 1 = -3*g + 10. Suppose -g*i = -5*m - 160, -3*i + 5*i = -2*m - 64. What is the remainder when 16 is divided by m/(-12)*(-18)/(-8)?
4
Suppose -5*d + 2*d + 9 = 0. Suppose -38 = d*n - 128. What is the remainder when n is divided by 16?
14
Let k(i) = -4*i - 7. What is the remainder when k(-7) is divided by 6?
3
Let w(s) = 15*s**3 - s + 3. Let x(a) = a**3 + 1. Let u(o) = w(o) - 3*x(o). What is the remainder when 42 is divided by u(1)?
9
Suppose -2*f + 5*n + 62 = 0, 5*n - n + 136 = 4*f. Suppose d - 3*d + f = 0. Suppose -5*p = -67 - 103. What is the remainder when p is divided by d?
16
Suppose d + 3*p - 22 = 0, -4 = d - p - 6. What is the remainder when 26 is divided by d?
5
Suppose h - 63 = -21. Let g(j) = -j**2 - 4*j - 1 + 0*j**2 + 2*j**2. Calculate the remainder when h is divided by g(6).
9
Suppose 0*l + b + 37 = l, -4*b + 158 = 5*l. Calculate the remainder when l is divided by 9.
7
What is the remainder when 43 is divided by (1 + (-6)/9)*33?
10
Let d(z) = 8*z + 6. Let q(m) = 9*m + 7. Let i(h) = -3*d(h) + 2*q(h). Calculate the remainder when i(-4) is divided by 7.
6
Let f = 158 - 140. What is the remainder when 49 is divided by f?
13
Suppose -2*s - 2*s = -128. What is the remainder when s is divided by 2*3/(-36) - 536/(-48)?
10
Let f(m) = -m**2 + 3*m - 4. Let c be f(3). Let d = c + 12. Suppose 2*l + 6*x - 3*x - 21 = 0, 2*x - 7 = l. What is the remainder when d is divided by l?
2
Let h = -27 - -36. Calculate the remainder when 24 is divided by h.
6
Calculate the remainder when 63 is divided by (-2 - (-350)/15) + (-4)/(-6).
19
Let d be 5/((-10)/12)*-1. What is the remainder when 7 is divided by (d - 2)*(-9)/(-12)?
1
Suppose 2*j + 5*a + 7 = 0, 0*j = -5*j - 4*a + 8. Let b = 2 - -2. Suppose 0 = -2*l + 2 + b. What is the remainder when j is divided by l?
1
Let m = 3 + -2. Suppose 0 = 2*y + 4*z - 14, -4 = 5*y - 4*z + 3. Let l = m + y. Calculate the remainder when l is divided by 2.
0
Let v = 108 + -105. Suppose 2*y - 8 = 0, 4*p + 0*y - 56 = -3*y. What is the remainder when p is divided by v?
2
Suppose -5*d - 3*l = -2*l - 61, -3*d + 23 = 4*l. What is the remainder when 38 is divided by d?
12
Suppose 0 = -3*c - 13 + 1, -2*m = -5*c - 46. What is the remainder when 62 is divided by m?
10
Let r(h) = -25*h - 4. What is the remainder when r(-3) is divided by 18?
17
Let s = 125 - -10. What is the remainder when s is divided by 46?
43
Let m be 97/11 + 10/55. Let t(s) = 0*s + 2*s - m + s**3 + 6*s**2 + 8. What is the remainder when 41 is divided by t(-5)?
13
Suppose -4*c + 2 + 1 = -y, 3*c - 3*y + 9 = 0. Suppose -c*k = 3*t - 20, -4*k + 2*t - 3*t + 20 = 0. Calculate the remainder when 13 is divided by k.
1
Calculate the remainder when (-1136)/(-44) + 2/11 is divided by 9.
8
Suppose -4*r + 17 + 7 = 0. Calculate the remainder when 28 is divided by r.
4
Let h be 2/((-2)/6*-3). Calculate the remainder when (-3)/(-1 - -2 - h) is divided by 1.
0
Suppose 3*k + 3 = -h, -3*k - 5*h + 10*h = 21. Calculate the remainder when (3 + k)*(-2 + 16) is divided by (-34)/(-6) + 2/(-3).
4
Suppose -4*p = 12, -4*s = 6*p - p - 113. What is the remainder when s is divided by 17?
15
Suppose 4*n - 55 = -5*o, -2*o + 19 = n + o. What is the remainder when 19 is divided by n?
9
Let r(x) = 3*x**3 - x**2 + 4*x. Let o be r(3). Let u = o - 49. Suppose 2 = -3*z - 1, -41 = -2*a + 5*z. Calculate the remainder when u is divided by a.
17
Let u(g) = 8*g + 4. Calculate the remainder when u(2) is divided by 10.
0
Suppose -3*b + 217 = -5*u, -77 = b - 2*b - 3*u. Let o(m) = m**2 - 9*m + 9. Let g be o(6). Let k = g + b. What is the remainder when k is divided by 22?
21
Let j(v) = -10*v - 2. Let w be j(-3). Suppose -5*p = 5*f - 70, -2*f - 2*p + w = -5*p. Calculate the remainder when f is divided by 8.
6
Let h(r) = -r + 61. Calculate the remainder when h(-19) is divided by 27.
26
Let f(p) = -p + 2. What is the remainder when 33 is divided by f(-7)?
6
Suppose 6 = -2*u + u. Let q = u + 13. What is the remainder when 27 is divided by q?
6
Let d = -3 - -5. Let q(a) = -a**3 + a**2 + 2*a + 1. Calculate the remainder when 2 is divided by q(d).
0
Let l = 114 - 108. Calculate the remainder when (-156)/(-10) - (-6)/15 is divided by l.
4
Suppose -14 = -s + 33. What is the remainder when s is divided by ((-38)/(-95))/(1/40)?
15
Suppose 2*h - 11 = 33. What is the remainder when 65 is divided by h?
21
Suppose 475 = 8*k - 3*k. Calculate the remainder when k is divided by 48.
47
Let a(t) be the first derivative of 6*t**2 + 6*t + 2. Let i be a(-4). What is the remainder when (i/(-4))/(2/4) is divided by 11?
10
Let o = 56 + -8. Let w = 89 - o. What is the remainder when w is divided by 14?
13
Let h(q) = -q**2 - 9*q + 10. Let g be h(-10). Suppose 3*o - o - 133 = 3*i, -5*